prime factors of 5590523?
251, 22273
List the prime factors of 7013353.
61, 114973
List the prime factors of 6193768.
2, 7, 110603
What are the prime factors of 1018624?
2, 23, 173
What are the prime factors of 4142769?
3, 167, 8269
List the prime factors of 723659.
47, 89, 173
List the prime factors of 7180327.
7, 11, 93251
List the prime factors of 77249.
77249
What are the prime factors of 162776?
2, 20347
List the prime factors of 4013656.
2, 501707
List the prime factors of 2187364.
2, 546841
List the prime factors of 3997576.
2, 11, 45427
What are the prime factors of 10458?
2, 3, 7, 83
List the prime factors of 14798427.
3, 7, 704687
What are the prime factors of 5443600?
2, 5, 31, 439
List the prime factors of 7401932.
2, 31, 59693
What are the prime factors of 434643?
3, 11, 13171
List the prime factors of 264601.
264601
What are the prime factors of 8593707?
3, 2864569
What are the prime factors of 2612017?
2612017
List the prime factors of 3236056.
2, 404507
What are the prime factors of 557616?
2, 3, 11617
List the prime factors of 1865075.
5, 61, 1223
What are the prime factors of 1591568?
2, 11, 9043
List the prime factors of 380357.
41, 9277
What are the prime factors of 321746?
2, 19, 8467
What are the prime factors of 9630895?
5, 53, 36343
What are the prime factors of 8517363?
3, 37, 76733
List the prime factors of 472645.
5, 94529
What are the prime factors of 17665960?
2, 5, 13, 53, 641
What are the prime factors of 216824?
2, 27103
List the prime factors of 7718098.
2, 3859049
List the prime factors of 2398954.
2, 1199477
What are the prime factors of 111957?
3, 67, 557
List the prime factors of 584363.
13, 79, 569
List the prime factors of 16188670.
2, 5, 29, 55823
List the prime factors of 568734.
2, 3, 94789
List the prime factors of 1185479.
241, 4919
What are the prime factors of 1230190?
2, 5, 13, 9463
List the prime factors of 54550.
2, 5, 1091
List the prime factors of 38102.
2, 19051
What are the prime factors of 2443978?
2, 31, 39419
List the prime factors of 2565440.
2, 5, 8017
List the prime factors of 6497840.
2, 5, 81223
What are the prime factors of 4472855?
5, 271, 3301
List the prime factors of 1006906.
2, 503453
What are the prime factors of 107083?
17, 6299
What are the prime factors of 29832273?
3, 1104899
List the prime factors of 668386.
2, 179, 1867
List the prime factors of 3044889.
3, 338321
List the prime factors of 4894860.
2, 3, 5, 23, 3547
What are the prime factors of 238326?
2, 3, 11, 23, 157
List the prime factors of 6267271.
17, 173, 2131
List the prime factors of 277786.
2, 138893
List the prime factors of 1393411.
479, 2909
List the prime factors of 1440131.
7, 11, 59, 317
What are the prime factors of 428838?
2, 3, 71473
What are the prime factors of 95805?
3, 5, 2129
What are the prime factors of 1581805?
5, 29, 10909
What are the prime factors of 23594513?
59, 113, 3539
What are the prime factors of 1161299?
19, 61121
What are the prime factors of 605968?
2, 11, 313
What are the prime factors of 401835?
3, 5, 7, 43, 89
List the prime factors of 552881.
7, 19, 4157
What are the prime factors of 15753275?
5, 23, 27397
List the prime factors of 330237.
3, 151
What are the prime factors of 1472969?
197, 7477
What are the prime factors of 122099?
122099
What are the prime factors of 469306?
2, 234653
What are the prime factors of 1282637?
1282637
What are the prime factors of 15741?
3, 11, 53
What are the prime factors of 3217178?
2, 857, 1877
What are the prime factors of 174310?
2, 5, 17431
What are the prime factors of 926568?
2, 3, 17, 757
What are the prime factors of 744334?
2, 372167
What are the prime factors of 108290?
2, 5, 7, 13, 17
List the prime factors of 2382710.
2, 5, 11, 21661
List the prime factors of 188147.
188147
List the prime factors of 7578220.
2, 5, 13, 29147
What are the prime factors of 832456?
2, 17, 6121
List the prime factors of 1079856.
2, 3, 7499
What are the prime factors of 149887?
37, 4051
What are the prime factors of 1607149?
1607149
What are the prime factors of 238907?
41, 5827
List the prime factors of 2736541.
17, 557
What are the prime factors of 85449?
3, 7, 13, 313
List the prime factors of 1305072.
2, 3, 19, 53
List the prime factors of 358488.
2, 3, 13, 383
What are the prime factors of 794987?
71, 11197
List the prime factors of 97162.
2, 13, 37, 101
List the prime factors of 700022.
2, 83, 4217
What are the prime factors of 19352587?
31, 624277
What are the prime factors of 2001289?
19, 105331
List the prime factors of 2183632.
2, 11, 19, 653
List the prime factors of 250000.
2, 5
List the prime factors of 1943452.
2, 7, 31, 2239
What are the prime factors of 612562?
2, 61, 5021
List the prime factors of 97021.
97021
What are the prime factors of 10500840?
2, 3, 5, 7, 463
What are the prime factors of 3110366?
2, 7, 29, 47, 163
What are the prime factors of 960526?
2, 7, 19, 23, 157
What are the prime factors of 1705553?
293, 5821
What are the prime factors of 16618391?
257, 64663
List the prime factors of 4005950.
2, 5, 13, 6163
List the prime factors of 23909194.
2, 61, 195977
List the prime factors of 1869379.
1869379
What are the prime factors of 9735244?
2, 811, 3001
What are the prime factors of 316312?
2, 19, 2081
What are the prime factors of 230463?
3, 29, 883
List the prime factors of 2243188.
2, 560797
List the prime factors of 126924.
2, 3, 7, 1511
List the prime factors of 296132.
2, 101, 733
List the prime factors of 3209118.
2, 3, 11, 48623
List the prime factors of 7640901.
3, 137, 6197
What are the prime factors of 1044628?
2, 13, 20089
What are the prime factors of 943494?
2, 3, 67, 2347
List the prime factors of 1938607.
11, 176237
What are the prime factors of 794046?
2, 3, 11, 53, 227
What are the prime factors of 944767?
59, 67, 239
What are the prime factors of 32267499?
3, 11, 977803
List the prime factors of 9743883.
3, 3247961
What are the prime factors of 6614625?
3, 5, 31, 569
What are the prime factors of 1164?
2, 3, 97
What are the prime factors of 203323?
203323
List the prime factors of 379774.
2, 189887
What are the prime factors of 568109?
568109
List the prime factors of 253820.
2, 5, 7, 37
What are the prime factors of 159692?
2, 13, 37, 83
What are the prime factors of 3022097?
13, 31, 7499
What are the prime factors of 6657281?
23, 31, 9337
What are the prime factors of 2818738?
2, 13, 108413
What are the prime factors of 158432?
2, 4951
List the prime factors of 11476210.
2, 5, 1147621
What are the prime factors of 5845106?
2, 2922553
List the prime factors of 162706.
2, 81353
What are the prime factors of 5099796?
2, 3, 13, 17, 641
What are the prime factors of 488368?
2, 131, 233
List the prime factors of 13322282.
2, 6661141
What are the prime factors of 8425371?
3, 359, 7823
What are the prime factors of 386247?
3, 128749
List the prime factors of 137358.
2, 3, 13, 587
List the prime factors of 2098800.
2, 3, 5, 11, 53
What are the prime factors of 28391855?
5, 809, 7019
What are the prime factors of 250685?
5, 181, 277
What are the prime factors of 830923?
830923
List the prime factors of 10535789.
11, 929, 1031
List the prime factors of 1408741.
1408741
What are the prime factors of 13091677?
13091677
What are the prime factors of 777829?
13, 59833
What are the prime factors of 1398208?
2, 7, 3121
List the prime factors of 888110.
2, 5, 88811
List the prime factors of 78403.
13, 37, 163
List the prime factors of 217891.
109, 1999
What are the prime factors of 144234?
2, 3, 2671
What are the prime factors of 7120199?
263, 27073
List the prime factors of 270746.
2, 7, 83, 233
What are the prime factors of 862330?
2, 5, 7, 97, 127
What are the prime factors of 4882354?
2, 19, 128483
List the prime factors of 149338.
2, 7, 10667
What are the prime factors of 619959?
3, 197, 1049
List the prime factors of 1453367.
19, 76493
What are the prime factors of 10621231?
419, 25349
What are the prime factors of 245877?
3, 41, 1999
List the prime factors of 1628162.
2, 814081
What are the prime factors of 1013727?
3, 11, 13, 17, 139
What are the prime factors of 445876?
2, 17, 79, 83
What are the prime factors of 42659412?
2, 3, 157, 22643
List the prime factors of 1983888.
2, 3, 23, 599
What are the prime f